 h + 12. What is the tens digit of k/(-3) - 10/(-15)?
1
Suppose 17 = 5*g - v, -g = -3*g + v + 8. Suppose 5 - 1 = -2*w, g*w + 13 = -k. Let d(t) = -t**3 - 7*t**2 - 5*t + 10. What is the tens digit of d(k)?
4
Let b(c) = -2*c**2 - 57*c + 36. What is the tens digit of b(-15)?
4
Let k(x) = -x + 9. Let d be k(7). Let p(q) = 2. Let b(z) = -z + 1. Let n(i) = -4*b(i) + 3*p(i). What is the units digit of n(d)?
0
Suppose 3*a - 4 = 11. Let g = 10 - a. Suppose 2*n = -1 + g. What is the units digit of n?
2
Let b be ((-1)/3)/(6/90). Let v be -3*(b + 6 + -3). What is the units digit of (-434)/(-42) + 4/v?
1
Let y be 1267*-4 + -1 + 1. Let w be y/(-36) + (-8)/(-36). Suppose -28*z + 25*z + w = 0. What is the tens digit of z?
4
Let t(r) be the third derivative of r**5/60 - r**4/8 - r**3/2 - 3*r**2. Let w be t(-2). Suppose u + 33 + 18 = 5*b, -b + u + w = 0. What is the tens digit of b?
1
Let n = -68 - -388. Suppose 34*w - n = 30*w. What is the units digit of w?
0
Suppose -m - 2*s = -463, 4*m + 4*s - 1844 = -0*s. What is the tens digit of m?
5
Let k(d) = -4*d - d**2 + 5*d - 197*d**3 + 1 + 192*d**3. What is the units digit of k(-1)?
4
Suppose -14*s + 9293 = 1047. What is the units digit of s?
9
Let b = -158 - -157. Let h = 1 - -2. What is the tens digit of 34*b/((-2)/h)?
5
Suppose 17*m - 24 = -92. Suppose -2*k - 4*v + 12 + 0 = 0, 4*v = 2*k + 20. Let o = k - m. What is the units digit of o?
2
What is the tens digit of (789 - -1) + 2 + 3?
9
What is the tens digit of ((-24)/4 - 3) + 1922?
1
Let q = 1160 - 601. What is the tens digit of q?
5
What is the thousands digit of (-9)/(-36)*(20612 + 0)?
5
Let p(q) = q**3 + 19*q**2 + 22*q - 69. What is the hundreds digit of p(-17)?
1
Let s(h) = 4*h**2 - h - 11. What is the hundreds digit of s(-11)?
4
Let f(y) = -5*y**3 + 8*y**2 + 9*y - 7. What is the hundreds digit of f(-3)?
1
Suppose m = 3*l - 9, 0 = -5*m + 3*l + 2*l + 5. Let s(d) = 29*d - 10. What is the hundreds digit of s(m)?
1
Let a(g) = 45*g**2 + 32*g + 187. What is the tens digit of a(-8)?
1
Let t be 0/(-2 + 1/1). Suppose -5*j - 5*a = -t*a - 180, -5*a = 25. What is the units digit of j?
1
Let y = 33 + -27. Let q be (3 + -6 + 2)*y. What is the tens digit of 43 - 4/6*q?
4
Let c(x) be the first derivative of -x**4/4 - x**3/3 + 11*x**2 + 9*x - 10. What is the units digit of c(-6)?
7
Let a be (-2 + 7/3)*(11 + -14). What is the tens digit of (16/(-3) + a)*(-17 - -14)?
1
Suppose -16 = -2*i + 3*h + 10, -3*h - 42 = -3*i. Let d = 20 - i. Suppose -2*f + 91 = 4*s - s, 3*s = -d*f + 185. What is the units digit of f?
7
Let d = 374 - 36. What is the units digit of d?
8
Suppose -2*y + 2379 = j, -6*j = 4*y + y - 14295. What is the units digit of j?
5
Let a(f) = 742*f + 319. What is the tens digit of a(3)?
4
Let l(d) = -3*d - 43 + 3*d + 2*d. Let o be l(0). Let x = o + 64. What is the tens digit of x?
2
Let g = -94 + 496. What is the units digit of g?
2
Let s = 548 - 1260. What is the tens digit of (s/(-32))/((-2)/(-8))?
8
Suppose 0*l = 4*l - 432. Suppose -l = -3*j - j + 4*c, 0 = 5*j + 5*c - 125. What is the tens digit of j?
2
Let o = 30 + 4. Let q(g) = 3*g**2 - 22*g - 12. Let t be q(8). Suppose 0 = -t*c - 2*b + 62, -4*b = -2*c - 2*b + o. What is the units digit of c?
6
Let n = -36 + 38. Suppose 10 = -n*q + 36. What is the units digit of q?
3
Let g be 0/(-1) - 2*-1. Let j(c) = 21*c - 2. Let v(z) = -7*z + 1. Let k(o) = -2*j(o) - 7*v(o). What is the units digit of k(g)?
1
Let w = 1 - 1. Suppose -4*r - 4*r + 456 = w. What is the units digit of r?
7
Let d = -259 + 259. Let b be (1 + 1)/((-4)/(-14)). Let q = b - d. What is the units digit of q?
7
Let i = -7 - -15. Let l be 66/i - (-6)/8. Suppose 2*p = 5*w + l, 2*p - 3*w - 2 = p. What is the tens digit of p?
1
Let x be 2/7*14/2. Suppose -3*p + 39 = x*b, -p + 55 + 8 = 4*b. Suppose -n + b = 3. What is the units digit of n?
2
Let t(x) = 4*x**2 + 2*x + 1. Let i be t(-1). Suppose 0 = 3*l - 15 + i. Let d = l - -4. What is the units digit of d?
8
Suppose 0 = -60*t + 2*t + 302760. What is the hundreds digit of t?
2
What is the tens digit of 16/(-48) - ((-10634)/6 + -3)?
7
Let g be 44/3 + (-10)/15. Let a be (-18)/(-63) + 150/g. Let k = 20 - a. What is the units digit of k?
9
Let f = -162 + 243. Suppose -m + 5*p = -22 - 39, f = m + 5*p. What is the tens digit of m?
7
Let y(l) = -l**2 - 7*l - 8. Let q be y(-5). Suppose -3*w + 292 = q*t, 4*w + w = t + 465. What is the tens digit of w?
9
Suppose -19 + 3 = -4*n. Suppose 2*f = n*f - 44. What is the units digit of f?
2
Let l(m) = -m**2 - 16*m - 7. Suppose -6 = -2*y + 3*y. Let q be 28/4*y/3. What is the units digit of l(q)?
1
Let c = -10 + 18. Let k(p) = 4*p - 10. Let h be k(6). Let v = c + h. What is the units digit of v?
2
Suppose -l = 5*r + 13, 5*l + 16 + 5 = -3*r. Let u(q) = -q + 2. Let f be u(l). Suppose n = d - 3*n + 1, 0 = -f*n + 25. What is the units digit of d?
9
Suppose -l + 733 = -2*f, -8*f + 6*f = 5*l - 3617. What is the units digit of l?
5
Suppose -3*n = -h - 1447, -8 = 5*h - 3. What is the hundreds digit of n?
4
Let h(b) = b + 3. Suppose -4*z - 8 = -5*c, -3*c = -z + 2 - 4. Let p be h(c). Let y = 17 - p. What is the units digit of y?
4
Let k(b) = 6*b + 5. Let c(s) = -s. Let n(v) = 2*c(v) - k(v). What is the tens digit of n(-6)?
4
Let o = 31 - -27. Suppose 3*u + o - 259 = 0. What is the units digit of u?
7
Suppose 42*s = 63*s - 30387. What is the hundreds digit of s?
4
Let x(l) = -l**3 - 6*l**2 + 10*l + 8. Let c be x(-7). Let g(b) = b**2 + 10*b - 14. What is the tens digit of g(c)?
2
Suppose -30 = -5*r - 10. Suppose -q + 2*q = 5*i - 643, 514 = r*i - q. What is the units digit of i?
9
Suppose 3*k = -2*c + 2903, 4*c - 7*c + 4*k = -4380. What is the hundreds digit of c?
4
Let t(j) = -17*j + 39. Let i be ((-4)/6)/((-34)/(-357)). What is the tens digit of t(i)?
5
Let a = 1 - -4. Suppose 2*q = a*q - 6. Suppose 76 = -q*c + 4*c. What is the tens digit of c?
3
Let t = 57 - 81. Suppose g - 4*g = 183. Let m = t - g. What is the units digit of m?
7
Suppose 2*g - m = -20, -6*g + 2*g - 32 = -4*m. Let w = 10 + g. What is the units digit of (14/21)/(w/(-42))?
4
Suppose -3*k = -2*l - 11, -4*k = 4*l + 17 - 5. Let u be l/14 + (-132)/(-21). Suppose 3*t - u*t - 4*x = -58, 3*t - 62 = -2*x. What is the units digit of t?
2
Suppose -3*r - 2*n = -2750, r + 5*n = 321 + 587. What is the tens digit of r?
1
Let g = 17 - 16. Let h be (0 + g)*(14 + 0). What is the tens digit of 864/h - (-30)/105?
6
Let y(c) = c**2 - c - 1. Suppose 9*l - 6*l + 12 = 0. Let b(w) = w**3 - 12*w**2 - 8*w - 1. Let q(n) = l*y(n) - b(n). What is the units digit of q(9)?
2
Let w(r) be the third derivative of 3*r**4/8 - 5*r**3/6 + 5*r**2. Let i be w(5). Let t = -25 + i. What is the tens digit of t?
1
Suppose -4*v + 3*q = -1591 - 4457, 0 = -3*q + 12. What is the hundreds digit of v?
5
Let b be (-9)/(-27) - 8/(-3). Suppose -b*x + 15 = 2*x. Suppose x*s - 44 = s. What is the tens digit of s?
2
Let z(v) = -2*v + 10. Let c be z(15). Let l(h) = h**3 + 21*h**2 + 15*h - 30. What is the units digit of l(c)?
0
Suppose -2*a + 52 = -22. Suppose -a*n = -32*n - 460. What is the units digit of n?
2
Suppose -7 + 17 = 5*q, -q - 4074 = -4*b. What is the hundreds digit of b?
0
Let z(k) = -22 + 15 + 42*k - 17*k. What is the tens digit of z(3)?
6
Suppose -2*m - 5*b + 4 = m, -8 = m + 4*b. Suppose -5*j + 3*j + m = 0. Suppose -j*l + 59 = -81. What is the units digit of l?
5
What is the units digit of 26964/54 + (-1)/(9/(-6))?
0
Suppose 0 = 482*l - 474*l - 5072. What is the hundreds digit of l?
6
Let o be 12/8*452/(-6). Let w = o - -68. Let u = w + 72. What is the tens digit of u?
2
Suppose -3*t = y + 22, 0 = 4*t - 5*y + 52 + 9. What is the units digit of (-3)/9 - 786/t?
7
Let s = 1706 + -155. What is the hundreds digit of s?
5
Let d(s) = 361*s - 6. Let m be d(2). Suppose -4*i = -0*z + 4*z - m, -3*i - 4*z = -538. What is the tens digit of i?
7
Let i be (-1)/(5/10) + 8. Let d(k) = 7*k**2 - 14*k + 3. Let w(u) = 6*u**2 - 13*u + 4. Let g(r) = 5*d(r) - 6*w(r). What is the units digit of g(i)?
3
Let k(x) = -x**2 - 10*x - 8. Let i be k(-9). Let d = i + -11. What is the units digit of (-118)/d - 10/(-50)?
2
Suppose u + 2*r = 3*u - 244, -264 = -2*u - 2*r. Suppose 0 = -2*l + u - 39. What is the units digit of l?
4
Suppose 7*j = -927 + 1592. What is the units digit of j?
5
Let f = 76 - -152. 